igit of 862897338?
6
What is the hundred millions digit of 1001065658?
0
What is the hundred thousands digit of 113424300?
4
What is the ten millions digit of 97998147?
9
What is the hundreds digit of 335784526?
5
What is the tens digit of 591998553?
5
What is the thousands digit of 1573181456?
1
What is the hundred thousands digit of 21107224?
1
What is the ten millions digit of 45312139?
4
What is the ten millions digit of 23982662?
2
What is the units digit of 51648525?
5
What is the units digit of 111838101?
1
What is the ten millions digit of 7262357264?
6
What is the thousands digit of 50680612?
0
What is the hundred millions digit of 256950957?
2
What is the tens digit of 716372007?
0
What is the hundred thousands digit of 57621269?
6
What is the thousands digit of 2010460780?
0
What is the millions digit of 124615452?
4
What is the billions digit of 1772026153?
1
What is the units digit of 181540648?
8
What is the billions digit of 5528501639?
5
What is the hundreds digit of 1480261253?
2
What is the hundred thousands digit of 348763861?
7
What is the units digit of 1201101064?
4
What is the hundreds digit of 245098170?
1
What is the ten thousands digit of 54819717?
1
What is the units digit of 596916444?
4
What is the thousands digit of 262181899?
1
What is the hundred thousands digit of 107302042?
3
What is the thousands digit of 1440227605?
7
What is the hundred millions digit of 1494364323?
4
What is the hundred millions digit of 147660213?
1
What is the hundred thousands digit of 159225315?
2
What is the millions digit of 13859998?
3
What is the hundreds digit of 921622703?
7
What is the units digit of 802738281?
1
What is the ten millions digit of 319543622?
1
What is the hundred millions digit of 235483530?
2
What is the hundred thousands digit of 49444441?
4
What is the hundreds digit of 4280456422?
4
What is the hundreds digit of 68230015?
0
What is the billions digit of 8963318181?
8
What is the millions digit of 1138341472?
8
What is the units digit of 185525994?
4
What is the millions digit of 1214994779?
4
What is the tens digit of 86338912?
1
What is the tens digit of 97407632?
3
What is the thousands digit of 35022305?
2
What is the units digit of 1781979559?
9
What is the hundred thousands digit of 58462384?
4
What is the hundred thousands digit of 359117678?
1
What is the hundred millions digit of 4279762641?
2
What is the millions digit of 22197305?
2
What is the hundred millions digit of 4068218626?
0
What is the ten millions digit of 14720127?
1
What is the hundred millions digit of 164544920?
1
What is the tens digit of 160153?
5
What is the billions digit of 2479919101?
2
What is the tens digit of 51613359?
5
What is the ten millions digit of 200654771?
0
What is the hundreds digit of 22494415?
4
What is the ten thousands digit of 1405904858?
0
What is the tens digit of 2929589341?
4
What is the thousands digit of 876334787?
4
What is the hundred millions digit of 1523687377?
5
What is the millions digit of 692241443?
2
What is the tens digit of 38890297?
9
What is the ten millions digit of 183387514?
8
What is the hundreds digit of 54589255?
2
What is the hundreds digit of 147001040?
0
What is the hundreds digit of 63924834?
8
What is the ten millions digit of 280945508?
8
What is the thousands digit of 9710117?
0
What is the tens digit of 1762974406?
0
What is the units digit of 106375856?
6
What is the thousands digit of 1699059705?
9
What is the millions digit of 96194036?
6
What is the thousands digit of 129840974?
0
What is the millions digit of 771609860?
1
What is the thousands digit of 3075354164?
4
What is the millions digit of 915045765?
5
What is the ten thousands digit of 41637255?
3
What is the ten thousands digit of 674649906?
4
What is the units digit of 113377197?
7
What is the ten millions digit of 27025017?
2
What is the units digit of 61701161?
1
What is the ten thousands digit of 67064463?
6
What is the tens digit of 53827634?
3
What is the hundred millions digit of 1043574108?
0
What is the hundreds digit of 38840649?
6
What is the tens digit of 779952742?
4
What is the ten millions digit of 132823811?
3
What is the hundred thousands digit of 215749089?
7
What is the ten millions digit of 776812162?
7
What is the hundreds digit of 39966438?
4
What is the millions digit of 205957609?
5
What is the thousands digit of 86153177?
3
What is the tens digit of 195752671?
7
What is the hundred thousands digit of 2249325062?
3
What is the units digit of 2783877009?
9
What is the hundred millions digit of 4523462078?
5
What is the ten millions digit of 36421072?
3
What is the ten thousands digit of 18296570?
9
What is the ten thousands digit of 99370442?
7
What is the ten millions digit of 35968780?
3
What is the ten thousands digit of 1407921089?
2
What is the thousands digit of 162123858?
3
What is the millions digit of 58472553?
8
What is the tens digit of 49864346?
4
What is the hundred thousands digit of 42799491?
7
What is the tens digit of 194913927?
2
What is the hundred millions digit of 711602640?
7
What is the ten millions digit of 275257825?
7
What is the units digit of 250790399?
9
What is the millions digit of 19901509?
9
What is the hundreds digit of 87899774?
7
What is the hundred thousands digit of 43159266?
1
What is the thousands digit of 399155477?
5
What is the thousands digit of 1146685573?
5
What is the hundred thousands digit of 159601041?
6
What is the ten millions digit of 58846736?
5
What is the hundreds digit of 5770347?
3
What is the millions digit of 12913320?
2
What is the hundreds digit of 62565231?
2
What is the ten millions digit of 122637854?
2
What is the hundreds digit of 42268260?
2
What is the units digit of 18361359?
9
What is the units digit of 94579836?
6
What is the ten millions digit of 148641295?
4
What is the hundreds digit of 5752239367?
3
What is the millions digit of 32252540?
2
What is the millions digit of 54210739?
4
What is the millions digit of 868707611?
8
What is the hundreds digit of 904633327?
3
What is the thousands digit of 664215381?
5
What is the ten thousands digit of 40873956?
7
What is the thousands digit of 3577933?
7
What is the millions digit of 2221379305?
1
What is the units digit of 2730209627?
7
What is the hundred millions digit of 385756789?
3
What is the hundred thousands digit of 33082227?
0
What is the thousands digit of 31513101?
3
What is the hundreds digit of 6718371481?
4
What is the units digit of 151313140?
0
What is the ten thousands digit of 2755596010?
9
What is the units digit of 438725285?
5
What is the hundred millions digit of 651118907?
6
What is the millions digit of 580570828?
0
What is the ten millions digit of 1907357567?
0
What is the tens digit of 74260246?
4
What is the ten millions digit of 898891868?
9
What is the ten thousands digit of 1865027702?
2
What is the ten millions digit of 108222826?
0
What is the hundreds digit of 85752657?
6
What is the hundred thousands digit of 12309082?
3
What is the hundreds digit of 81814509?
5
What is the billions digit of 2020008110?
2
What is the ten thousands digit of 391106190?
0
What is the ten thousands digit of 152880703?
8
What is the millions digit of 1494212635?
4
What is the tens digit of 93039591?
9
What is the thousands digit of 167498189?
8
What is the ten millions digit of 422710071?
2
What is the millions digit of 21382808?
1
What is the thousands digit of 1471531201?
1
What is the ten thousands digit of 1103121209?
2
What is the ten millions digit of 93090733?
9
What is the ten millions digit of 1303497362?
0
What is the units digit of 3860208280?
0
What is the billions digit of 2197731744?
2
What is the units digit of 1451004532?
2
What is the millions digit of 197557956?
7
What is the thousands digit of 101251280?
1
What is the hundred millions digit of 5808358791?
8
What is the hundreds digit of 25952253?
2
What is the units digit of 327988189?
9
What is the millions digit of 89243209?
9
What is the hundred thousands digit of 959979026?
9
What is the ten millions digit of 311495562?
1
What is the ten thousands digit of 83822484?
2
What is the ten thousands digit of 155161411?
6
What is the tens digit of 35784512?
1
What is the hundreds digit of 